ase 7) to base 12.
71b8
What is 243220 (base 5) in base 8?
21741
Convert -4032 (base 12) to base 5.
-210300
-411 (base 8) to base 6
-1121
What is 32687 (base 9) in base 14?
7ca6
322 (base 14) to base 11
512
What is -1739 (base 13) in base 4?
-311210
What is 10469 (base 11) in base 12?
8968
What is -160412 (base 7) in base 5?
-2001133
Convert -505244 (base 6) to base 15.
-bd0a
21202020 (base 3) to base 4
1120101
Convert -1765 (base 10) to base 16.
-6e5
Convert b45 (base 12) to base 6.
11325
Convert 280 (base 15) to base 7.
1443
Convert -412 (base 8) to base 5.
-2031
Convert -5295 (base 11) to base 12.
-4075
-103302 (base 5) to base 13
-1822
-104264 (base 9) to base 11
-427a2
Convert -4777 (base 10) to base 14.
-1a53
What is 31203 (base 5) in base 14?
a69
Convert -11553 (base 10) to base 2.
-10110100100001
44 (base 6) to base 5
103
Convert 23322 (base 4) to base 7.
2136
Convert 11022201 (base 3) to base 15.
e01
What is 43144 (base 8) in base 13?
8282
Convert 225 (base 6) to base 10.
89
-51 (base 6) to base 2
-11111
Convert 1330 (base 4) to base 5.
444
Convert -1887 (base 12) to base 16.
-ba7
What is -470 (base 9) in base 12?
-283
34a (base 16) to base 3
1011012
Convert 2bb (base 14) to base 13.
33b
What is 5199 (base 11) in base 15?
208e
What is -12224 (base 5) in base 2?
-1110101011
What is 211241 (base 8) in base 10?
70305
32405 (base 8) to base 7
54400
Convert -15215 (base 10) to base 2.
-11101101101111
What is -8349 (base 12) in base 13?
-6690
Convert 3db (base 15) to base 12.
615
Convert -102143 (base 6) to base 15.
-26b6
What is 224014 (base 5) in base 14?
2cc1
Convert 221414 (base 5) to base 14.
2b66
What is -5194 (base 15) in base 2?
-100001101010111
6543 (base 14) to base 3
220000021
What is -47203 (base 8) in base 10?
-20099
Convert -134 (base 8) to base 12.
-78
What is 8374 (base 13) in base 15?
55bd
What is -5444 (base 6) in base 10?
-1252
1222 (base 4) to base 8
152
What is 5315 (base 6) in base 14?
619
21036 (base 11) to base 9
46037
-504 (base 13) to base 3
-1011110
Convert 1113445 (base 6) to base 8.
156345
Convert -200a (base 16) to base 5.
-230302
Convert 1210020110 (base 3) to base 7.
204345
-249 (base 14) to base 13
-292
Convert -2110010 (base 3) to base 5.
-24120
-43650 (base 8) to base 10
-18344
What is -124101 (base 6) in base 3?
-120110101
Convert -10033 (base 4) to base 8.
-417
-504 (base 16) to base 7
-3513
What is -82c (base 14) in base 15?
-723
What is 1224 (base 5) in base 14?
d7
What is -1103251 (base 6) in base 2?
-1101011110001111
Convert 12699 (base 11) to base 4.
10123121
What is 1152 (base 12) in base 4?
132032
What is 4b1 (base 13) in base 15?
39a
Convert -110111100100101 (base 2) to base 11.
-1a417
What is -3 (base 7) in base 16?
-3
Convert -838a (base 11) to base 13.
-5097
-1002021 (base 3) to base 10
-790
What is 765a (base 12) in base 15?
3cda
What is 1103 (base 12) in base 8?
3523
-7353 (base 9) to base 3
-21101210
What is 471b (base 12) in base 5?
223233
4301 (base 10) to base 9
5808
-1000001 (base 3) to base 15
-33a
Convert 579 (base 15) to base 5.
14424
Convert -2024 (base 6) to base 16.
-1c0
What is 26a6 (base 16) in base 4?
2122212
11200132 (base 4) to base 7
122524
440414 (base 5) to base 9
22647
-283 (base 13) to base 9
-544
-11110010000101 (base 2) to base 5
-443433
Convert -14020 (base 5) to base 15.
-50a
-930 (base 12) to base 9
-1740
What is -4064 (base 8) in base 4?
-200310
Convert 402412 (base 6) to base 13.
11567
-1012111202 (base 3) to base 8
-56223
-384 (base 9) to base 4
-10333
Convert 1301 (base 8) to base 9.
863
-754 (base 13) to base 6
-5444
What is 401 (base 11) in base 15?
225
Convert 1100 (base 9) to base 8.
1452
Convert -1331332 (base 4) to base 8.
-17576
Convert -4532 (base 6) to base 10.
-1064
What is -10211021 (base 3) in base 10?
-2788
a7 (base 14) to base 2
10010011
-453241 (base 6) to base 12
-1a221
What is -1011010110 (base 2) in base 4?
-23112
What is -1203 (base 14) in base 6?
-22311
What is 531a (base 15) in base 11?
12228
Convert 4a3 (base 15) to base 3.
1110000
What is -6082 (base 9) in base 4?
-1011200
What is 1021213 (base 4) in base 16?
1267
240654 (base 7) to base 3
2012202000
What is 4f0 (base 16) in base 6?
5504
What is 1100110000010 (base 2) in base 11?
49a7
ccc9 (base 14) to base 8
105201
What is 14467 (base 8) in base 15?
1da5
Convert 52444 (base 6) to base 8.
15654
-58 (base 9) to base 6
-125
Convert 29701 (base 10) to base 12.
15231
What is 6398 (base 10) in base 7?
24440
What is 651 (base 11) in base 9?
1058
What is 8776 (base 9) in base 2?
1100101000100
-24b (base 13) to base 5
-3101
What is 130 (base 9) in base 12?
90
What is 10011111110101 (base 2) in base 16?
27f5
Convert 1000010000101011 (base 2) to base 5.
2040320
What is -14004 (base 7) in base 3?
-12011220
What is 13307 (base 11) in base 15?
596e
3101131 (base 4) to base 12
7911
51504 (base 6) to base 4
1223200
What is -36538 (base 9) in base 10?
-24497
706 (base 12) to base 8
1766
-11b7 (base 12) to base 3
-2202111
33563 (base 10) to base 12
1750b
Convert 23044 (base 10) to base 8.
55004
Convert 33112 (base 5) to base 4.
203222
Convert 66d (base 16) to base 4.
121231
Convert -6907 (base 10) to base 3.
-100110211
-10002110 (base 3) to base 6
-14233
Convert 1000010100011 (base 2) to base 5.
114014
Convert -45a (base 11) to base 14.
-2b3
Convert -39d (base 14) to base 13.
-43c
-54b7 (base 13) to base 5
-334221
Convert -2ca (base 14) to base 5.
-4240
-168 (base 10) to base 8
-250
What is ec9 (base 16) in base 11?
2931
-81888 (base 9) to base 8
-151271
Convert -21a (base 11) to base 3.
-100202
What is 13030 (base 7) in base 16?
d7b
Convert -1214 (base 7) to base 2.
-111000100
Convert -11658 (base 9) to base 14.
-2bd3
Convert 491 (base 14) to base 8.
1617
Convert 1098b (base 13) to base 11.
20762
What is 146 (base 15) in base 4?
10203
5884 (base 12) to base 4
2122210
What is 1200 (base 4) in base 7?
165
-307 (base 12) to base 6
-2011
205141 (base 6) to base 14
6125
-61007 (base 9) to base 8
-116246
What is 244 (base 12) in base 7?
664
300422 (base 6) to base 4
11232332
3446 (base 7) to base 13
75b
Convert 518c (base 15) to base 9.
25566
Convert -20770 (base 8) to base 12.
-5048
Convert -38880 (base 9) to base 13.
-bc31
Convert 290 (base 14) to base 15.
248
-10112211020 (base 3) to base 13
-25a46
-82b (base 15) to base 10
-1841
-1fee (base 16) to base 7
-32555
Convert -518 (base 12) to base 14.
-3ac
10000001111101 (base 2) to base 12
4991
Convert 21313 (base 4) to base 3.
212101
-10101001010 (base 2) to base 12
-94a
What is 8226 (base 9) in base 3?
22020220
57797 (base 10) to base 11
3a473
Convert 331 (base 13) to base 2.
1000100011
Convert -17282 (base 11) to base 14.
-8bd0
Convert 1430 (base 7) to base 12.
3a8
-e43 (base 15) to base 6
-22513
-113 (base 13) to base 4
-2321
What is 43a (base 15) in base 12?
677
What is -4cc1 (base 13) in base 14?
-3ddb
57644 (base 9) to base 15
b5c4
-14167 (base 8) to base 3
-22120222
-3767 (base 9) to base 7
-11131
-567 (base 8) to base 3
-111220
5c (base 15) to base 11
7a
What is -f0c (base 16) in base 12?
-2290
What is -1746 (base 9) in base 11?
-1007
Convert 12662 (base 8) to base 4.
1112302
Convert 2667 (base 9) to base 14.
a33
Convert 5530 (base 9) to base 8.
7755
-1412 (base 7) to base 12
-398
-1144 (base 5) to base 15
-b9
Convert 269 (base 11) to base 4.
10331
What is 4903 (base 10) in base 7?
20203
What is 12233021 (base 4) in base 2?
110101111001001
-18331 (base 9) to base 16
-3178
Convert -776 (base 10) to base 11.
-646
Convert 941 (base 10) to base 5.
12231
Convert -4222 (base 6) to base 14.
-4bc
Convert -11265 (base 8) to base 16.
-12b5
18815 (base 9) to base 4
3023333
Convert -3444 (base 7) to base 10.
-1257
-220100000 (base 3) to base 6
-214043
What is -2d3 (base 14) in base 9?
-711
What is -317 (base 13) in base 3?
-201112
-1001000011000 (base 2) to base 16
-1218
What is 211113 (base 7) in base 9?
54853
Convert 32102201 (base 4) to base 6.
1130545
-4487 (base 14) to base 16
-2e67
What is -c62c (base 13) in base 2?
-110101100011000
-110032 (base 4) to base 5
-20134
What is 2113303 (base 4) in base 10?
9715
Convert -10780 (base 9) to base 5.
-212300
What is 14b (base 16) in base 14?
199
What is -13ec (base 15) in base 3?
-12212020
Convert 63603 (base 9) 